{"id":96,"date":"2025-01-23T03:18:58","date_gmt":"2025-01-23T03:18:58","guid":{"rendered":"https:\/\/eloquentis.club\/?page_id=96"},"modified":"2025-01-23T05:13:12","modified_gmt":"2025-01-23T05:13:12","slug":"storia-di-eloquentis","status":"publish","type":"page","link":"https:\/\/eloquentis.club\/?page_id=96","title":{"rendered":"Storia di EloquenTIS"},"content":{"rendered":"\n<div class=\"wp-block-columns is-layout-flex wp-container-core-columns-is-layout-9d6595d7 wp-block-columns-is-layout-flex\">\n<div class=\"wp-block-column is-layout-flow wp-block-column-is-layout-flow\" style=\"flex-basis:50%\">\n<p>EloquenTIS \u00e8 nata da un idea di Francesco FEDELE, che da anni sognava di creare a Roma un club avanzato, sul modello di altri club che aveva conosciuto e frequentato in altre nazioni, senza mai riuscire a mettere insieme un numero sufficiente di soci fondatori. Poi la pandemia, e il conseguente passaggio a riunioni ONLINE gli ha dato una opportunit\u00e0 inaspettata: raccogliere partecipanti da tutta Italia ed oltre. Cos\u00ec il 6 Maggio 2020 sono iniziati i meeting preliminari di EloquenTIA.<\/p>\n\n\n\n<p>Il club nasce con l&#8217;idea di raccogliere Toastmaster esperti, che devono essere soci attivi di altri club (onde evitare di &#8220;rubare&#8221; soci), e che vogliono sperimentarsi in discorsi e riunioni diverse da quelle &#8220;normali&#8221; ed in generale pi\u00f9 complicate e sfidanti.<\/p>\n\n\n\n<p>A Gennaio 2021 il club \u00e8 stato ufficialmente aperto dai 20 soci fondatori, che sono stati:<\/p>\n\n\n\n<ul class=\"wp-block-list\">\n<li>Cristina Francolini<\/li>\n\n\n\n<li>Carlo Brozzo<\/li>\n\n\n\n<li>Dagmara D\u0105browska<\/li>\n\n\n\n<li>Fioravante Carfagna<\/li>\n\n\n\n<li>Flavio Nicola Iodice<\/li>\n\n\n\n<li>Francesca Gammicchia<\/li>\n\n\n\n<li>Francesco Fedele<\/li>\n\n\n\n<li>Gianni Curci<\/li>\n\n\n\n<li>Katia Burdet<\/li>\n\n\n\n<li>Keith Sheldrake<\/li>\n\n\n\n<li>Lisa Marie Gelhaus<\/li>\n\n\n\n<li>Marcello Rossi<\/li>\n\n\n\n<li>Margherita Brodbeck Roth<\/li>\n\n\n\n<li>Maurizio Spadari<\/li>\n\n\n\n<li>Michelle Bassanesi<\/li>\n\n\n\n<li>Nicola von Lutterotti<\/li>\n\n\n\n<li>Orlando Selenu<\/li>\n\n\n\n<li>Silvio Rossi<\/li>\n\n\n\n<li>Turan Tanin<\/li>\n\n\n\n<li>Virginia Calabritto<br><\/li>\n<\/ul>\n<\/div>\n\n\n\n<div class=\"wp-block-column is-layout-flow wp-block-column-is-layout-flow\" style=\"flex-basis:50%\">\n<figure class=\"wp-block-image size-large\"><img loading=\"lazy\" decoding=\"async\" width=\"704\" height=\"1024\" src=\"http:\/\/eloquentis.club\/wp-content\/uploads\/2025\/01\/IMG_5516-704x1024.png\" alt=\"\" class=\"wp-image-49\" srcset=\"https:\/\/eloquentis.club\/wp-content\/uploads\/2025\/01\/IMG_5516-704x1024.png 704w, https:\/\/eloquentis.club\/wp-content\/uploads\/2025\/01\/IMG_5516-206x300.png 206w, https:\/\/eloquentis.club\/wp-content\/uploads\/2025\/01\/IMG_5516-768x1118.png 768w, https:\/\/eloquentis.club\/wp-content\/uploads\/2025\/01\/IMG_5516-1055x1536.png 1055w, https:\/\/eloquentis.club\/wp-content\/uploads\/2025\/01\/IMG_5516-1407x2048.png 1407w, https:\/\/eloquentis.club\/wp-content\/uploads\/2025\/01\/IMG_5516.png 1754w\" sizes=\"auto, (max-width: 704px) 100vw, 704px\" \/><\/figure>\n<\/div>\n<\/div>\n\n\n\n<figure class=\"wp-block-image size-large\"><img loading=\"lazy\" decoding=\"async\" width=\"1024\" height=\"662\" src=\"http:\/\/eloquentis.club\/wp-content\/uploads\/2025\/01\/IMG_5519-1024x662.png\" alt=\"\" class=\"wp-image-50\" srcset=\"https:\/\/eloquentis.club\/wp-content\/uploads\/2025\/01\/IMG_5519-1024x662.png 1024w, https:\/\/eloquentis.club\/wp-content\/uploads\/2025\/01\/IMG_5519-300x194.png 300w, https:\/\/eloquentis.club\/wp-content\/uploads\/2025\/01\/IMG_5519-768x496.png 768w, https:\/\/eloquentis.club\/wp-content\/uploads\/2025\/01\/IMG_5519-1536x993.png 1536w, https:\/\/eloquentis.club\/wp-content\/uploads\/2025\/01\/IMG_5519-2048x1324.png 2048w\" sizes=\"auto, (max-width: 1024px) 100vw, 1024px\" \/><\/figure>\n\n\n\n<p><\/p>\n\n\n\n<p>Nel 2022 il club muta il suo nome in EloquenTIS (EloquenTIS club <strong>T<\/strong>oastmasters<strong> I<\/strong>talia <strong>S<\/strong>perimentale) per sottolinearne il carattere sperimentale.<\/p>\n\n\n\n<p>Da allora altri soci Toastmasters sono diventati soci di EloquenTIS:<\/p>\n\n\n\n<ul class=\"wp-block-list\">\n<li>Amber Katrina Pate<\/li>\n\n\n\n<li>Claudio Russo<\/li>\n\n\n\n<li>Domenico Menegazzi<\/li>\n\n\n\n<li>Elio Scozzafava<\/li>\n\n\n\n<li>Marco Albasio<\/li>\n\n\n\n<li>Raffaele Cataletti<\/li>\n\n\n\n<li>Vadim Virlan<\/li>\n\n\n\n<li>Valentina Mileto<\/li>\n<\/ul>\n\n\n\n<p>I soci di EloquenTIS sono anche dei leader: tutti i soci hanno servito i loro club come Officer, spesso per pi\u00f9 anni, ed oltre met\u00e0 dei soci hanno raggiunto il livello di DTM.Oltre met\u00e0 dei soci sono stati Area o Division Director e trai soci ci sono quasi tutti i direttori del Distretto 109 di cui EloquenTIS fa parte.<\/p>\n\n\n\n<p>Insieme abbiamo condotto quasi <a href=\"https:\/\/eloquentis.club\/?page_id=114\" data-type=\"page\" data-id=\"114\">100 riunioni<\/a>.<\/p>\n\n\n\n<p>I Presidenti del club sono stati:<\/p>\n\n\n\n<ul class=\"wp-block-list\">\n<li>2020\/2021 Francesco Fedele<\/li>\n\n\n\n<li>2021\/2022 Francesco Fedele<\/li>\n\n\n\n<li>2022\/2023 Lisa Marie Gelhaus<\/li>\n\n\n\n<li>2023\/2024 Francesca Gammicchia<\/li>\n\n\n\n<li>2024\/2025 Amber Katrina Pate<\/li>\n<\/ul>\n\n\n\n<p>L&#8217;attuale ExComm \u00e8 composto da:<\/p>\n\n\n<style type=\"text\/css\">\r\n       .errordiv { padding:10px; margin:10px; border: 1px solid #555555;color: #000000;background-color: #f8f8f8; width:500px; }#advanced_iframe {visibility:visible;opacity:1;vertical-align:top;}.ai-info-bottom-iframe { position: fixed; z-index: 10000; bottom:0; left: 0; margin: 0px; text-align: center; width: 100%; background-color: #ff9999; padding-left: 5px;padding-bottom: 5px; border-top: 1px solid #aaa } a.ai-bold {font-weight: bold;}#ai-layer-div-advanced_iframe p {height:100%;margin:0;padding:0}\r\n        #ai-div-advanced_iframe {\r\n            width    : 800px;\r\n            height   : 600px;\r\n            overflow : hidden;\r\n            position : relative;\r\n        }\r\n        #advanced_iframe {\r\n            position : absolute;\r\n            top      : -215px !important;\r\n            left     : -222px !important;\r\n            width    : 1000px !important;\r\n            height   : 450px !important;\r\n        }<\/style><script type=\"text\/javascript\">var ai_iframe_width_advanced_iframe = 0;var ai_iframe_height_advanced_iframe = 0;function aiReceiveMessageadvanced_iframe(event) {  aiProcessMessage(event,\"advanced_iframe\", \"true\");}if (window.addEventListener) {  window.addEventListener(\"message\", aiReceiveMessageadvanced_iframe);} else if (el.attachEvent)  {  el.attachEvent(\"message\", aiReceiveMessageadvanced_iframe);}var aiIsIe8=false;var aiOnloadScrollTop=\"true\";var aiShowDebug=false;\r\n\t\tif (typeof aiReadyCallbacks === 'undefined') {\r\n\t\t\tvar aiReadyCallbacks = [];  \r\n\t\t} else if (!(aiReadyCallbacks instanceof Array)) {\r\n\t\t\tvar aiReadyCallbacks = [];\r\n\t\t}    function aiShowIframeId(id_iframe) { jQuery(\"#\"+id_iframe).css(\"visibility\", \"visible\");    }    function aiResizeIframeHeight(height) { aiResizeIframeHeight(height,advanced_iframe); }    function aiResizeIframeHeightId(height,width,id) { aiResetShowPartOfAnIframe(id);aiResizeIframeHeightById(id,height);}<\/script><div id=\"ai-div-advanced_iframe\"><iframe id=\"advanced_iframe\"  name=\"advanced_iframe\"  src=\"https:\/\/tmclub.eu\/officerlist.php?c=1647\"  width=\"1000\"  height=\"450\"  frameborder=\"0\"  allowtransparency=\"true\"  loading=\"lazy\"  style=\";width:1000px;height:450px;;max-width:none;\" ><\/iframe><\/div><script type=\"text\/javascript\">var ifrm_advanced_iframe = document.getElementById(\"advanced_iframe\");var hiddenTabsDoneadvanced_iframe = false;\r\nfunction resizeCallbackadvanced_iframe() {}<\/script><script type=\"text\/javascript\"><\/script>","protected":false},"excerpt":{"rendered":"<p>EloquenTIS \u00e8 nata da un idea di Francesco FEDELE, che da anni sognava di creare a Roma un club avanzato, sul modello di altri club che aveva conosciuto e frequentato in altre nazioni, senza mai riuscire a mettere insieme un numero sufficiente di soci fondatori. Poi la pandemia, e il conseguente passaggio a riunioni ONLINE [&hellip;]<\/p>\n","protected":false},"author":1,"featured_media":0,"parent":0,"menu_order":0,"comment_status":"closed","ping_status":"closed","template":"full-width-page.php","meta":{"footnotes":""},"class_list":["post-96","page","type-page","status-publish","hentry"],"_links":{"self":[{"href":"https:\/\/eloquentis.club\/index.php?rest_route=\/wp\/v2\/pages\/96","targetHints":{"allow":["GET"]}}],"collection":[{"href":"https:\/\/eloquentis.club\/index.php?rest_route=\/wp\/v2\/pages"}],"about":[{"href":"https:\/\/eloquentis.club\/index.php?rest_route=\/wp\/v2\/types\/page"}],"author":[{"embeddable":true,"href":"https:\/\/eloquentis.club\/index.php?rest_route=\/wp\/v2\/users\/1"}],"replies":[{"embeddable":true,"href":"https:\/\/eloquentis.club\/index.php?rest_route=%2Fwp%2Fv2%2Fcomments&post=96"}],"version-history":[{"count":12,"href":"https:\/\/eloquentis.club\/index.php?rest_route=\/wp\/v2\/pages\/96\/revisions"}],"predecessor-version":[{"id":125,"href":"https:\/\/eloquentis.club\/index.php?rest_route=\/wp\/v2\/pages\/96\/revisions\/125"}],"wp:attachment":[{"href":"https:\/\/eloquentis.club\/index.php?rest_route=%2Fwp%2Fv2%2Fmedia&parent=96"}],"curies":[{"name":"wp","href":"https:\/\/api.w.org\/{rel}","templated":true}]}}